3*l. What is the remainder when l is divided by 54?
50
Suppose -894*u + 898*u + 2*p = 58, 5*u - 20 = 5*p. What is the remainder when 71564 is divided by u?
9
Let d = -919 + 935. What is the remainder when 125 is divided by d?
13
Calculate the remainder when 1743 + -11 + -8 - -7 is divided by 31.
26
Suppose 2*l + 4682 = 4*z, 4*l - 4094 = -5*z + 1804. What is the remainder when z is divided by 20?
14
Let m(h) = h**3 + 13*h**2 + 10*h - 11. Let k be m(-12). Suppose -k*r - 9 = -4*r. Calculate the remainder when 34 is divided by -3 + r/((4/(-30))/2).
10
Let h(f) = -f**3 + 5*f**2 + 3*f - 6. Let n(c) = c**3 - 3*c**2 + 4. Let m be n(3). Let j = 9043 + -9009. What is the remainder when j is divided by h(m)?
12
Let c(t) = t**3 - 11*t**2 + 11*t - 2. Let j be c(10). Suppose -u + 441 = j*u. Calculate the remainder when u is divided by (10/5)/(4/34).
15
Suppose 3810 = 84*o + 450. Calculate the remainder when 802 is divided by o.
2
Suppose -25*v + 22*v + 6858 = 3*y, -4563 = -2*y - 5*v. Calculate the remainder when y is divided by 56.
49
Let w = -8514 + 8590. What is the remainder when 785 is divided by w?
25
Let t = 8403 + -7267. Calculate the remainder when t is divided by 76.
72
Suppose -408 = -369*u + 363*u. Let b be 4/(-8) + 108/8. Suppose -5*k + b = -k + 3*l, -4*k + 4*l = -48. Calculate the remainder when u is divided by k.
5
Let z(b) = -b. Let r be z(-2). What is the remainder when (4898/(-237))/((r/15)/(-1)) is divided by 54?
47
Let i(j) = -85*j**2 + 426*j + 25. Calculate the remainder when 834 is divided by i(5).
24
Suppose -z = -3*u - 21, 4 + 4 = -4*u. Let b(t) = 41*t - 214. Let i be b(16). Suppose 116 = -440*k + i*k. What is the remainder when k is divided by z?
13
Let h(c) = 39*c**3 + 4*c**2 - 4*c + 39. Calculate the remainder when h(3) is divided by 372.
0
Suppose 39*d - 8*d - 4557 = 0. Suppose 21*l - 22*l - d = -5*j, 4*j - 2*l = 114. Suppose 0 = -2*a - a + 621. What is the remainder when a is divided by j?
27
Let v(u) = -u**3 + 9*u**2 + 55*u - 275. What is the remainder when v(6) is divided by 57?
49
Let t(f) = 2*f**2 + 3*f - 766. What is the remainder when 1039 is divided by t(-22)?
87
Let i(f) = 70*f + 7426. Calculate the remainder when 4688 is divided by i(-106).
2
Suppose -5*v = 460 - 90. Let d = v - -82. Suppose 2*j + 2*g = 16, -5*j + 2*g = -14 - 5. Calculate the remainder when d is divided by j.
3
Suppose 4*t = -3*s + 1964, 31*s - 30*s = -4*t + 668. Calculate the remainder when s is divided by 160.
8
Suppose -4*f - 113 = -3*m, -2 - 8 = 2*f. Let o be 744/21 + 42/(-98). Let i = 95 - o. Calculate the remainder when i is divided by m.
29
Let i = 30 - 9. Calculate the remainder when (38/7)/((-2335)/(-98070)) is divided by i.
18
Suppose 10*a + 23*a = 12778 + 5636. What is the remainder when a is divided by 22?
8
Let y(d) = 47*d**3 - d**2 + 2*d. Let z = 123 + -73. Calculate the remainder when y(1) is divided by (z/(-4))/((-2)/4).
23
Suppose 557 = 42*f - 31. Suppose f*p - 1496 = 3*p. Calculate the remainder when p is divided by 23.
21
Suppose -5*l = -3*y + 32320, -24631 - 7697 = -3*y - 3*l. Calculate the remainder when y is divided by 17.
14
Let j(x) = -x**3 + 20*x**2 - 16*x - 162. Let p(y) = 8*y + 26. Let a be p(-1). Calculate the remainder when j(a) is divided by 17.
11
Suppose -4*v + 5*v + 3*f - 30 = 0, 0 = -3*v - 2*f + 55. Suppose 2*z - 39 = 3*t, -12*z - 58 = -v*z + 5*t. Calculate the remainder when 163 is divided by z.
16
Suppose -12*z + 131 = -229. Let o(v) = v**3 - 7*v**2 + 13*v + 9. What is the remainder when o(7) is divided by z?
10
Suppose 0 = 37*k - 8246 - 12247 - 745. What is the remainder when k is divided by 6?
4
Let z = -19146 - -19447. Calculate the remainder when z is divided by 8.
5
Let v = -1832 + 2721. Let c = v - 605. Let y = 436 - c. What is the remainder when y is divided by 31?
28
Suppose 5250*g - 9633 = 5231*g. Calculate the remainder when g is divided by 88.
67
Suppose 10*u - 25*u + 43845 = 0. Calculate the remainder when u is divided by 195.
193
Suppose -4*n = d - 445 + 129, 3*n = 2*d + 237. Suppose r = w - 11, 4*w = -w - r + n. Calculate the remainder when 177 is divided by w.
12
Calculate the remainder when 4 - (4 - 2)/(90/(-6615)) is divided by 141.
10
Let j = -109 + 44. Let v = 73 + j. Suppose -v*u + 184 = -6*u. Calculate the remainder when u is divided by 14.
8
Let b(f) = -24*f - 41. Suppose 4*i - 3*a - 108 = 43, -5*i = 3*a - 155. What is the remainder when i is divided by b(-2)?
6
Let b(s) = -2*s + 9. Let g be b(8). Let m(l) = 7*l**2 + 10*l + 9. Let u(w) = w**2. Let r(v) = -m(v) + 6*u(v). What is the remainder when 34 is divided by r(g)?
10
Calculate the remainder when (-14 + 11 + 12/12)/((-4)/1654) is divided by 27.
17
Let k(v) = -v**3 - 21*v**2 - 18*v + 40. Let f be k(-20). Suppose l - 28 = -3*y - f*l, 0 = 4*y - 5*l - 50. Calculate the remainder when 36 is divided by y.
6
Let c = -88 + 102. Suppose -c*o + 34 + 64 = 0. Calculate the remainder when 39 is divided by o.
4
Suppose -4*x = -4*h - 6*x + 452, 16*h - x - 1754 = 0. What is the remainder when 257 is divided by h?
37
Let b(i) = 11*i**2 - 13*i - 40. Let g(p) = -13*p**2 + 14*p + 41. Let h(j) = -6*b(j) - 5*g(j). What is the remainder when 4*(-82)/16*-2 is divided by h(10)?
11
Let h(i) = 70*i**2 - 5317*i - 217. Let s = 37 + 3. What is the remainder when s is divided by h(76)?
7
Let f(q) = q**2 - 42*q + 318. Suppose -3*p = 44*n - 43*n - 140, 3*n = -4*p + 180. Calculate the remainder when f(p) is divided by 34.
28
Suppose u - 215 = -c, -4*u - 156 = 3*c - 803. Calculate the remainder when 1701 is divided by c.
210
Let q = 4 + 27. Let u(m) = m**3 - 13*m**2 + 15*m - 11. Let i be u(12). Suppose -4*h - h - i = 0, -h + 265 = 3*w. Calculate the remainder when w is divided by q.
28
Suppose -5*l - 2*n = -277, -4*n + 9*n + 305 = 5*l. Suppose -10*h + 15*h = 295. Let f = -49 + h. What is the remainder when l is divided by f?
7
Suppose -3*k + 549 = m, 3*k = 26*m - 30*m + 2241. Calculate the remainder when m is divided by 44.
36
Suppose 9*c = 94 + 1166. Let x = 165 - c. Suppose 245 = 5*t - 235. Calculate the remainder when t is divided by x.
21
Suppose -2*z + 711 = -5*y, -764 = -3*z + 2*y + 275. Calculate the remainder when z is divided by 15.
13
Let s = 106 - 68. Let d = -31 + s. Suppose 216 = v + d*v. What is the remainder when v is divided by 19?
8
Calculate the remainder when 2374 is divided by 12*((-102)/(-340) - 87/(-10)).
106
What is the remainder when (7000 - ((-2)/1 - -2)) + (136 - 137) is divided by 140?
139
Let z = -27 + 26. Let t = 25 + z. Let u = -127 - -217. What is the remainder when u is divided by t?
18
Let q be (204/15)/((-16)/(-40)). Let g = q + -46. Let z = g - -22. Calculate the remainder when 17 is divided by z.
7
Let z = 609 - 550. Suppose 0 = 4*g - 2*q + 2, -g - 1 = -q. Suppose g = 5*y - z - 161. What is the remainder when y is divided by 9?
8
Suppose 2*v + 331 = 4*g + 993, 0 = 4*v - 2*g - 1294. Let o = v + -262. Calculate the remainder when o is divided by 20.
19
Suppose 0 = -5*f + 49 - 14. Let w(n) = 14*n - 36. Calculate the remainder when 122 is divided by w(f).
60
Suppose 83*g = 13*g + 2940. What is the remainder when g is divided by 9?
6
What is the remainder when 1008 is divided by 332 + (-6 - -13) + 1/(5/(-20))?
3
Let q(w) = 6*w**2 - 3*w - 16. Let r be q(-3). Suppose -n - 22 = -r. Calculate the remainder when 122 is divided by n.
22
Suppose -23*r + 3*z + 2 = -19*r, -4*r + 12 = 2*z. What is the remainder when 414 is divided by r?
0
Let m(n) = 200*n**2 + 72*n + 94. Calculate the remainder when m(-3) is divided by 557.
7
Suppose -12*n + 692 + 16 = 0. Calculate the remainder when n is divided by 31.
28
Let m be ((-15)/(-3) + -6)*-2. Suppose 0 = -6*y + y + 15, m*y = 4*d - 18. Calculate the remainder when 17 is divided by d.
5
Suppose -23*h = -190*h - 228*h + 103*h + 8468. Let n be (8/2 - 2) + 2. Suppose -2*q = -n*q + 114. What is the remainder when q is divided by h?
28
Let f = 53 - 48. Let d(z) = -z**2 + 16*z - 8. Let s be d(f). Let g = s - 12. Calculate the remainder when 137 is divided by g.
32
Suppose -57*m - 2464 + 13425 = 56*m. What is the remainder when 484 is divided by m?
96
Let p(j) be the second derivative of j**5/20 - 3*j**4/2 + 16*j**3/3 + 2*j**2 - 97*j. Calculate the remainder when 293 is divided by p(16).
1
Suppose -6*s = -8*s - 5*m +